ded by 13?
8
Suppose 136 - 22 = 3*f. Suppose s + 3*k = -k + 16, 44 = 2*s - 4*k. What is the remainder when f is divided by s?
18
Let v = 21 + 1. Suppose 3*f + 0*f = 0. Suppose f = x - 13 - v. What is the remainder when x is divided by 12?
11
Suppose 2*a - 238 = 2*d, 0 = 2*d - 4*d + 2. What is the remainder when a is divided by 33?
21
Suppose 4*g = 3*g + 2. Calculate the remainder when 6 is divided by g.
0
Suppose -3 = -w - 1. Let c(s) = 2*s**2 + 8*s + 5. Let o be c(-5). Suppose -p = -o + w. Calculate the remainder when 25 is divided by p.
12
Let l = 121 + -94. What is the remainder when 75 is divided by l?
21
Let o(m) = -7*m. Let k be o(-2). Suppose -k = -3*l - 2. Suppose 2*w - 22 = -l*g + 8, -5*g + 3*w = -32. What is the remainder when 12 is divided by g?
5
Let p = 13 - -28. Calculate the remainder when p is divided by (-9 + 10)*(-1 + 12).
8
Let y = 5 - -5. Let s be (-44)/10 - (-4)/y. Let a(l) = l**2 + 5*l + 6. What is the remainder when 5 is divided by a(s)?
1
Suppose 0 = 2*t - 4*t + 4. Suppose -4*b + 6 = -x, x = -6*b + 3*b + 8. Calculate the remainder when t is divided by b.
0
Suppose -5*i = 3*g - 6, 4*g = 1 + 7. Suppose i = j - 6*j + 4*t + 37, -t = -2. What is the remainder when 35 is divided by j?
8
Let q = 111 - 109. What is the remainder when 6 is divided by q?
0
Let q(l) = -l**2 - 7*l - 1. What is the remainder when 17 is divided by q(-6)?
2
Let l(x) = x + 4. Let r be l(0). Let n(p) = p - 11*p**2 + p**3 + 1 + 7*p**2 + p + 0*p**2. Calculate the remainder when 16 is divided by n(r).
7
Suppose -54 = -5*d + 2*f, -d = -5*f + 5 - 2. Calculate the remainder when 43 is divided by d.
7
Let m(s) = s**2 + 6*s - 5. Suppose -3*v + 9 = -2*v. Let b = v + -4. What is the remainder when b is divided by m(-7)?
1
Let c = 15 - 1. Suppose -6*h + 32 = -2*h. Calculate the remainder when c is divided by h.
6
Let j = 200 - 89. Let f = -20 + 48. Calculate the remainder when j is divided by f.
27
Suppose f = -2 + 5. Suppose 4*c - 41 = f. What is the remainder when c is divided by 4?
3
Suppose 0 = -5*d + 131 + 44. What is the remainder when d is divided by 9?
8
Let t = 9 + -143. Calculate the remainder when 32 is divided by 3/(-18) + t/(-12).
10
Calculate the remainder when 320/7 + (-4)/(-14) is divided by 12.
10
Suppose 2*p = -2, -p = l - 68 + 17. What is the remainder when l is divided by 18?
16
Suppose -5*k - 4 = -5*y + 1, 3*k - 3 = y. Suppose -k*i + 45 = 3*i. What is the remainder when i is divided by 4?
1
Let i = -29 - -17. Let h = -8 - i. Suppose 0 = -n + h*l + 11, -n - 2*l - 2 + 1 = 0. Calculate the remainder when 3 is divided by n.
0
Let b(y) = y**2 - 8*y + 5. Let g = 124 - 50. Calculate the remainder when g is divided by b(10).
24
Suppose 0 = -2*m + 66 + 28. Suppose 3*y - 32 = y. What is the remainder when m is divided by y?
15
Let f = -1 + 1. Suppose f = -5*d - 4*w + 136, -3*w = -0*d + d - 36. Calculate the remainder when d is divided by (-10)/(-1) + 6/(-6).
6
Let c = -203 + 331. Suppose 0 = -5*j + 157 + c. Calculate the remainder when j is divided by 15.
12
Let s(y) = -y + 1. Let k be (-1)/(1/(-6) + 0). Suppose -p + 1 = k. Calculate the remainder when 11 is divided by s(p).
5
Let x be 0 + 2/(-1) - 1. Suppose 0 = -4*s - 4*g + 88, 67 = -4*s - 5*g + 160. What is the remainder when s is divided by 2 + (-15)/x + -1?
5
Let g be (2 + (-3 - 0))*-8. Let q = g + 13. What is the remainder when 62 is divided by q?
20
Suppose 14*d + 24 = 18*d. Suppose -j = 4*y - 0*j - 73, 4*y + 5*j = 93. Calculate the remainder when y is divided by d.
5
Suppose -4*l = -3*l + 4. Let d(k) = -k**2 - k. Let w(t) = 2*t + 3. Let n(f) = -3*d(f) - w(f). Calculate the remainder when n(l) is divided by 14.
13
Suppose -h + 250 = h. Let y = h + -60. Calculate the remainder when y is divided by 34.
31
Suppose -2*m + 5 + 3 = 0. Suppose -3*b + 0*p - m*p = -13, 3*p = -4*b + 15. Suppose -b*w - 63 = -6*w. What is the remainder when w is divided by 6?
3
Suppose -k = -2*k. Suppose 2*m - 1 - 9 = k. Suppose 8 = -p + 11. What is the remainder when m is divided by p?
2
Let t = 17 - 11. What is the remainder when 17 is divided by t?
5
Let x be 9/3 + -2 - -14. Let g = x - 7. What is the remainder when 14 is divided by g?
6
Let k = 69 - 62. What is the remainder when k is divided by 2?
1
Suppose 0 = 5*d - w - 18 - 5, -3*d = -3*w - 21. Suppose 0 = f + d*f - 40. Suppose -2*k = -21 - 9. Calculate the remainder when k is divided by f.
7
Calculate the remainder when 99 is divided by 30/9*1*60/8.
24
Suppose -2*c + 3*b + 0 = -54, -3*c + 59 = b. Calculate the remainder when 38 is divided by c.
17
Suppose 2*p - b = 44, -3*p + 5*p + 5*b - 20 = 0. Let q = 15 - 4. Calculate the remainder when p is divided by q.
9
Let v(r) = 26*r - 4. Let b be v(3). Let x = 62 + b. Suppose 0 = -0*c + 5*c - 2*p - 155, -4*c + 4*p = -x. Calculate the remainder when c is divided by 15.
14
Suppose -20 = o - 5*o. Suppose 5 = 2*z - z, -o*z = -3*b - 1. Suppose -115 = -b*a + 3*a. Calculate the remainder when a is divided by 12.
11
Let j = -1 - 2. Let y(w) = -w**3 - 4*w**2 - 3*w + 2. Let g be y(j). Suppose g*m - 5*m + 129 = 0. What is the remainder when m is divided by 15?
13
Suppose -4*x + 4*d + 268 = 0, -4*x + 0*d + 263 = -3*d. Calculate the remainder when x is divided by 21.
20
Suppose 5*o + 2*q - 752 = 0, 0*o = 5*o + 5*q - 755. What is the remainder when o is divided by 51?
48
Let g be -131 - 1/((-3)/9). Let l = g - -185. What is the remainder when l is divided by 15?
12
Let c(s) = -s**2 + 7*s + 8. Let z be c(6). Let w = -21 + z. What is the remainder when (13 + w)*(-17)/(-2) is divided by 13?
12
Let w(z) be the first derivative of z**2/2 + 16*z + 7. What is the remainder when w(-6) is divided by (-1 - -2) + 1*5?
4
Let p(o) = -27*o + 1. Let w(a) = -15*a**3 - a - 1. Let s be w(-1). Let l = s + -5. What is the remainder when p(-1) is divided by l?
8
Let g(z) = z**2 + 17*z + 3. Calculate the remainder when 11 is divided by g(-17).
2
Let o be -1 + (2 - 2) + 10. Let g = o + -5. What is the remainder when ((-82)/g)/(3/(-6)) is divided by 11?
8
Suppose -x - 3*i = -1, -20 = 2*x - 6*x + 4*i. Suppose -4*g + 0*g = x*f - 88, 5*g - 72 = -3*f. What is the remainder when 55 is divided by f?
17
Suppose -34 = 9*g - 196. What is the remainder when 232 is divided by g?
16
Let f be (-12)/(-5) - (-16)/(-40). Suppose 0 = -3*p - 3*c + 114, 2*p - f*c + 0*c = 76. Calculate the remainder when p is divided by 10.
8
Let n(r) = -r**2 + 15*r - 10. Let k be n(8). Suppose 5*a = 2*a + 45. What is the remainder when k + 1*-2 + 0 is divided by a?
14
Let d be 12/9*(-9)/(-6). Let h = d - -10. Calculate the remainder when 21 is divided by h.
9
Let i = 5 + -3. What is the remainder when 36/i + 2/2 is divided by 7?
5
Suppose -164 + 44 = -3*d. Let z be 4 - (4 - (-4)/(-2)). Suppose a - z = -p + 8, -2*a + d = 4*p. Calculate the remainder when 28 is divided by p.
8
Let a = 1 + -2. What is the remainder when 31407/435 + (8/10 - 0) is divided by 0 + 2 + a - -18?
16
Suppose 59 = 2*c - 129. Calculate the remainder when c is divided by 19.
18
Let p be 6*(39/9 + -4). Suppose 5*v - h - 4*h - 90 = 0, v - p*h = 15. Calculate the remainder when v is divided by 6.
3
Let x(n) = 1205*n**2 + n**3 + 3*n - 2 - 1205*n**2. Suppose 17 = 3*u + 4*i, 0*i = -4*u - 4*i + 20. What is the remainder when x(u) is divided by 18?
16
Let b = -85 - -175. What is the remainder when b is divided by 46?
44
Suppose 2*j - 31 = -l, -2*j + 3*l = -33 + 6. Suppose 0 = -7*w - 233 + 639. Calculate the remainder when w is divided by j.
13
Let w(x) = x**2 - 3*x - 4. Calculate the remainder when (-283)/(-7) - (-28)/49 is divided by w(6).
13
Let q(o) = -o**2 - 12*o + 9. What is the remainder when q(-11) is divided by 11?
9
Suppose -2*v + 32 = -v. What is the remainder when v is divided by 11?
10
Suppose 3 = 3*t + 15, 0 = 2*z - 3*t - 56. Let a = -157 - -242. What is the remainder when a is divided by z?
19
Let u = -2 - -6. Suppose -3*p + u*n + 53 = 0, 16 = 4*p - 3*p - n. Suppose 4*f = 4*d - 68, 3*d = f + 5 + 52. What is the remainder when d is divided by p?
9
Suppose 4*d = 3*y + 15, 0*d + 2*d = 3*y + 9. Suppose 0 = v + 4*v - 35. Calculate the remainder when d/(-6) + (-25)/(-2) is divided by v.
5
Let s = -13 + 32. What is the remainder when 35 is divided by s?
16
Suppose -2*x + 4*i + 6 = 0, 0 = -2*i - 3*i + 15. Calculate the rema